ighest common divisor of 112 and 157936.
16
Calculate the highest common factor of 14 and 1382171.
7
What is the highest common factor of 744271 and 484?
121
What is the highest common factor of 3320 and 465962?
166
What is the greatest common factor of 9553 and 3029?
233
Calculate the highest common factor of 80 and 5546080.
80
Calculate the greatest common divisor of 123296 and 640.
32
Calculate the greatest common divisor of 28 and 6094676.
28
What is the highest common factor of 52390 and 36166?
338
Calculate the greatest common divisor of 2362932 and 1768.
884
Calculate the highest common factor of 493 and 6052.
17
What is the greatest common divisor of 300 and 24400800?
300
Calculate the greatest common divisor of 350829 and 99.
9
Calculate the highest common divisor of 458 and 468534.
458
Calculate the greatest common divisor of 40 and 1621992.
8
Calculate the greatest common divisor of 32 and 3456.
32
Calculate the highest common divisor of 16 and 346.
2
What is the greatest common factor of 624 and 80?
16
What is the highest common divisor of 6727 and 224?
7
What is the highest common divisor of 2346 and 179239?
23
Calculate the highest common divisor of 45 and 4127415.
15
What is the highest common factor of 110 and 101299?
11
Calculate the highest common divisor of 130 and 1570.
10
What is the greatest common divisor of 9231 and 543?
543
Calculate the greatest common factor of 16598 and 1634.
86
Calculate the highest common factor of 537 and 493503.
537
What is the highest common divisor of 193072 and 792?
88
Calculate the highest common factor of 3915 and 355455.
135
What is the greatest common factor of 1995240 and 20?
20
What is the highest common divisor of 2212 and 1204?
28
Calculate the greatest common factor of 297 and 27885.
33
What is the greatest common factor of 3645 and 315?
45
Calculate the highest common factor of 2124 and 20286.
18
Calculate the highest common factor of 1942713 and 9.
9
Calculate the highest common factor of 24 and 5604.
12
Calculate the highest common divisor of 3892 and 364.
28
Calculate the highest common divisor of 207 and 2001897.
207
Calculate the greatest common divisor of 4891128 and 194.
194
Calculate the highest common divisor of 614099 and 171.
19
What is the highest common factor of 330 and 18825?
15
What is the highest common divisor of 24344 and 391?
17
Calculate the highest common factor of 184767 and 363.
363
Calculate the greatest common divisor of 10 and 151705.
5
What is the highest common factor of 48 and 62460?
12
What is the greatest common divisor of 6989 and 3799?
29
What is the greatest common divisor of 29078 and 124?
62
Calculate the highest common factor of 37648 and 128.
16
What is the highest common divisor of 81 and 101?
1
Calculate the highest common factor of 6100 and 1200.
100
What is the highest common divisor of 665964 and 1423?
1423
What is the highest common divisor of 412896 and 264?
264
What is the greatest common factor of 837 and 33633?
9
What is the greatest common factor of 71090 and 10?
10
Calculate the highest common divisor of 456 and 4949196.
228
What is the highest common divisor of 17617 and 9875?
79
What is the highest common factor of 2 and 4843?
1
What is the highest common divisor of 6 and 2639064?
6
Calculate the greatest common factor of 384164 and 649.
11
What is the highest common factor of 12 and 27942?
6
Calculate the highest common factor of 5038 and 154.
22
What is the highest common divisor of 2264262 and 507?
507
Calculate the highest common divisor of 432 and 362352.
48
Calculate the highest common divisor of 19760 and 12.
4
What is the highest common factor of 126 and 262514?
14
Calculate the highest common divisor of 1216 and 9671.
19
What is the greatest common divisor of 1599 and 85280?
533
Calculate the greatest common factor of 119 and 1833909.
119
Calculate the highest common divisor of 84690 and 60.
30
Calculate the greatest common factor of 104437 and 577.
577
Calculate the greatest common factor of 71000 and 7384.
568
Calculate the greatest common divisor of 111815 and 82555.
1045
What is the greatest common factor of 327752 and 10822?
1546
What is the greatest common divisor of 84 and 56840?
28
Calculate the highest common factor of 168875 and 25.
25
What is the greatest common factor of 240 and 259152?
48
Calculate the highest common divisor of 7062 and 19902.
642
Calculate the greatest common factor of 4293338 and 7.
7
What is the greatest common factor of 65375 and 9875?
125
Calculate the greatest common divisor of 56 and 9528.
8
What is the greatest common divisor of 534 and 4068546?
534
What is the highest common divisor of 80 and 1968880?
80
Calculate the highest common divisor of 356090 and 70.
70
Calculate the highest common factor of 71 and 23232.
1
What is the highest common divisor of 2301 and 417897?
177
What is the greatest common factor of 2220 and 537462?
222
Calculate the highest common factor of 369587 and 23.
23
Calculate the greatest common factor of 24702 and 20048.
358
What is the highest common divisor of 12 and 801378?
6
Calculate the greatest common factor of 82 and 87371.
41
Calculate the greatest common divisor of 350 and 1476550.
50
Calculate the highest common divisor of 54683 and 4.
1
Calculate the highest common divisor of 172160 and 240.
80
What is the highest common factor of 20 and 165268?
4
Calculate the greatest common divisor of 57477 and 561.
51
What is the highest common factor of 125964 and 171?
9
What is the highest common factor of 1053 and 8991?
81
What is the highest common factor of 848 and 87874?
106
What is the highest common divisor of 7032 and 148?
4
Calculate the highest common factor of 263669 and 392.
49
Calculate the highest common factor of 63424 and 320.
64
Calculate the highest common factor of 54082 and 4.
2
Calculate the highest common divisor of 431812 and 164.
164
What is the highest common divisor of 115211 and 3?
1
Calculate the greatest common factor of 781 and 5893.
71
Calculate the greatest common divisor of 1957338 and 36.
18
Calculate the greatest common divisor of 783 and 4437.
261
Calculate the greatest common divisor of 6873 and 145725.
87
What is the greatest common divisor of 36 and 363564?
36
Calculate the greatest common factor of 5870381 and 11.
11
What is the highest common factor of 291 and 73041?
291
What is the greatest common factor of 66280 and 14000?
40
Calculate the highest common factor of 104 and 164398.
26
Calculate the highest common divisor of 11842 and 19482.
382
Calculate the highest common divisor of 558 and 1036268.
62
Calculate the highest common divisor of 153 and 46223.
17
What is the highest common divisor of 731 and 1376?
43
What is the greatest common divisor of 164476 and 39?
13
Calculate the highest common factor of 1206 and 65794.
134
Calculate the greatest common factor of 253768 and 8.
8
Calculate the highest common factor of 273 and 1781.
13
Calculate the greatest common factor of 218 and 407006.
218
Calculate the greatest common factor of 48 and 7974.
6
Calculate the highest common factor of 6138 and 333.
9
Calculate the greatest common divisor of 1458 and 3747060.
1458
What is the greatest common divisor of 24 and 6194856?
24
What is the greatest common factor of 264896 and 512?
64
Calculate the greatest common factor of 66 and 227568.
66
Calculate the greatest common factor of 6095 and 212.
53
Calculate the greatest common divisor of 9635975 and 725.
725
What is the highest common divisor of 208 and 1419496?
104
What is the greatest common divisor of 4428 and 24231?
123
Calculate the greatest common divisor of 77505 and 480.
15
What is the greatest common divisor of 5603 and 18967?
13
What is the highest common divisor of 242780 and 2135?
305
What is the highest common divisor of 783 and 77328?
27
What is the highest common factor of 75840 and 96?
96
Calculate the highest common divisor of 21412 and 4.
4
Calculate the greatest common divisor of 44864 and 128.
64
What is the highest common factor of 60 and 1541140?
20
What is the greatest common factor of 4888 and 799?
47
What is the greatest common divisor of 175728 and 84?
84
Calculate the greatest common divisor of 56980 and 1960.
140
What is the highest common divi